eatest common divisor of 21917 and 3317?
31
Calculate the highest common factor of 94694 and 2260.
226
What is the greatest common factor of 2540 and 8119110?
1270
Calculate the highest common divisor of 14787 and 1395.
279
Calculate the greatest common divisor of 5933 and 73746.
17
What is the greatest common factor of 7383 and 368187?
321
What is the greatest common factor of 364850 and 650?
50
What is the greatest common divisor of 15326 and 24964?
158
Calculate the greatest common divisor of 408 and 143718.
102
Calculate the greatest common factor of 62348 and 104.
52
Calculate the greatest common divisor of 351 and 8763417.
351
Calculate the highest common divisor of 2448 and 4105602.
306
Calculate the greatest common divisor of 20262 and 66.
66
Calculate the highest common factor of 2240 and 19460.
140
Calculate the greatest common factor of 18858 and 282.
6
What is the highest common factor of 120645 and 399?
21
Calculate the greatest common factor of 71296 and 48.
16
Calculate the highest common factor of 1651020 and 252.
84
Calculate the greatest common divisor of 672 and 46752.
96
Calculate the highest common factor of 41648 and 19.
19
Calculate the highest common factor of 581085 and 13611.
1047
Calculate the greatest common factor of 92 and 468326.
46
Calculate the highest common factor of 233292 and 3.
3
Calculate the highest common factor of 24370 and 1655.
5
Calculate the greatest common divisor of 2368 and 14688.
32
Calculate the greatest common factor of 1104466 and 21398.
1646
What is the greatest common divisor of 7297315 and 215?
215
What is the greatest common divisor of 341 and 88?
11
Calculate the highest common factor of 1817 and 6557.
79
Calculate the highest common divisor of 3030 and 1230.
30
What is the greatest common divisor of 5950440 and 90?
90
What is the greatest common divisor of 3775 and 743524?
151
Calculate the greatest common factor of 6156 and 26847.
171
Calculate the highest common factor of 56896 and 1008.
112
What is the greatest common divisor of 3398848 and 46?
46
Calculate the greatest common divisor of 1030920 and 2272.
568
What is the highest common factor of 5181 and 1551?
33
Calculate the greatest common factor of 182 and 4581395.
91
Calculate the greatest common factor of 83 and 278963.
83
What is the highest common divisor of 14139146 and 1372?
686
What is the highest common factor of 154 and 11902?
22
Calculate the highest common factor of 684 and 97508.
76
Calculate the highest common divisor of 4 and 380978.
2
Calculate the highest common divisor of 14466 and 1440.
6
What is the greatest common divisor of 28 and 11902?
2
What is the greatest common divisor of 6252 and 81797?
521
Calculate the greatest common divisor of 40816 and 24.
8
Calculate the highest common divisor of 167544 and 162.
18
Calculate the greatest common factor of 1525 and 360.
5
What is the greatest common divisor of 1636672 and 15408?
1712
Calculate the highest common factor of 22624 and 44.
4
Calculate the greatest common factor of 1890 and 43540.
70
What is the highest common divisor of 188704 and 3488?
32
What is the greatest common divisor of 3054033 and 9?
9
What is the greatest common factor of 396 and 52?
4
What is the highest common divisor of 3337 and 188?
47
Calculate the greatest common factor of 485 and 2710.
5
Calculate the greatest common factor of 1260 and 166572.
252
What is the greatest common divisor of 14976 and 45504?
576
What is the highest common factor of 10 and 40555?
5
Calculate the greatest common divisor of 425 and 19805.
85
What is the highest common divisor of 9 and 399114?
9
Calculate the highest common factor of 7426 and 12878.
94
Calculate the highest common factor of 17 and 249.
1
Calculate the greatest common divisor of 161 and 26128.
23
Calculate the greatest common divisor of 1254 and 1331.
11
Calculate the highest common divisor of 2904 and 80872.
88
What is the greatest common factor of 155 and 1320?
5
Calculate the greatest common divisor of 208 and 62972.
52
What is the highest common factor of 21 and 1102542?
21
Calculate the greatest common divisor of 85 and 533035.
85
Calculate the highest common factor of 7827537 and 213.
213
Calculate the highest common factor of 192 and 13992.
24
What is the highest common divisor of 10 and 6484710?
10
Calculate the greatest common factor of 406 and 58.
58
What is the greatest common divisor of 10341 and 846?
9
What is the highest common factor of 15 and 4470735?
15
Calculate the highest common factor of 22788 and 540.
108
What is the highest common divisor of 4916 and 28?
4
What is the highest common factor of 26400 and 42570?
330
Calculate the highest common divisor of 4212 and 5538.
78
Calculate the greatest common factor of 100859 and 519.
173
Calculate the greatest common factor of 129496 and 72.
8
What is the greatest common factor of 135 and 6864?
3
Calculate the greatest common factor of 40160 and 24160.
160
What is the greatest common divisor of 12979 and 1?
1
Calculate the greatest common factor of 3186 and 3240.
54
Calculate the greatest common factor of 21172 and 316.
316
What is the highest common factor of 124798 and 184?
46
Calculate the highest common divisor of 227149 and 65.
13
What is the greatest common divisor of 72 and 317580?
12
Calculate the highest common divisor of 393 and 7336.
131
Calculate the greatest common factor of 408726 and 16182.
522
Calculate the greatest common divisor of 1480 and 4065.
5
Calculate the greatest common factor of 220 and 21692.
44
What is the greatest common factor of 20072 and 2808?
104
What is the highest common factor of 4900 and 4060?
140
What is the greatest common factor of 27914 and 204?
34
What is the highest common divisor of 538 and 50?
2
What is the greatest common factor of 241186 and 152?
38
What is the greatest common factor of 199045 and 2420?
605
What is the greatest common divisor of 825 and 13959?
33
What is the highest common factor of 602 and 28?
14
Calculate the greatest common divisor of 19103 and 49.
7
What is the greatest common factor of 594 and 1342?
22
Calculate the highest common factor of 9672 and 151320.
312
Calculate the highest common divisor of 48202 and 4312.
154
What is the highest common factor of 130266 and 234?
18
Calculate the greatest common factor of 493545 and 975.
195
What is the greatest common divisor of 2013 and 5124?
183
Calculate the greatest common factor of 80160 and 480.
480
Calculate the greatest common factor of 4489 and 3953.
67
Calculate the greatest common factor of 132118 and 56.
14
Calculate the highest common factor of 2774948 and 176.
44
What is the greatest common factor of 424 and 44504?
8
Calculate the highest common factor of 354299 and 341.
341
What is the greatest common divisor of 1030 and 1510?
10
Calculate the greatest common factor of 989 and 188646.
23
Calculate the greatest common factor of 363882 and 3.
3
Calculate the greatest common divisor of 46525 and 1075.
25
What is the highest common factor of 101743 and 142?
71
Calculate the highest common divisor of 2661 and 1422.
3
Calculate the greatest common divisor of 6 and 22998.
6
Calculate the greatest common divisor of 1476 and 2556.
36
Calculate the highest common factor of 2597 and 3498.
53
What is the highest common factor of 2834 and 22555?
13
What is the highest common divisor of 407 and 924?
11
Calculate the greatest common factor of 447 and 328.
1
What is the highest common factor of 1794 and 624?
78
What is the highest common divisor of 9925 and 75?
25
What is the greatest common divisor of 108 and 151038?
54
What is the highest common divisor of 99 and 1251?
9
What is the highest common divisor of 41796 and 559?
43
Calculate the greatest common divisor of 41 and 231527.
41
Calculate the greatest common factor of 18070 and 390.
130
What is the greatest common divisor of 456 and 338390?
38
Calculate the highest common divisor of 55981 and 83657.
629
What is the greatest common divisor of 4131 and 783?
27
What is the greatest common factor of 57 and 2559?
3
What is the highest common factor of 345 and 186185?
115
Calculate the highest common factor of 6149 and 91117.
559
What is the highest common divisor of 777 and 5476?
37
What is the highest common divi